{"id":9151,"date":"2025-03-18T14:41:19","date_gmt":"2025-03-18T12:41:19","guid":{"rendered":"https:\/\/halos.ee\/?page_id=9151"},"modified":"2026-02-01T12:06:00","modified_gmt":"2026-02-01T10:06:00","slug":"manguline-keelekumblus","status":"publish","type":"page","link":"https:\/\/halos.ee\/rus\/manguline-keelekumblus\/","title":{"rendered":"\u041f\u043e\u0433\u0440\u0443\u0436\u0435\u043d\u0438\u0435 \u0432 \u044d\u0441\u0442\u043e\u043d\u0441\u043a\u0438\u0439 \u044f\u0437\u044b\u043a"},"content":{"rendered":"<div data-elementor-type=\"wp-page\" data-elementor-id=\"9151\" class=\"elementor elementor-9151\">\n\t\t\t\t<div class=\"elementor-element elementor-element-beda2a3 e-flex e-con-boxed e-con e-parent\" data-id=\"beda2a3\" data-element_type=\"container\" data-e-type=\"container\" data-settings=\"{&quot;background_background&quot;:&quot;classic&quot;}\">\n\t\t\t\t\t<div class=\"e-con-inner\">\n\t\t<div class=\"elementor-element elementor-element-782aa6d e-con-full e-flex e-con e-child\" data-id=\"782aa6d\" data-element_type=\"container\" data-e-type=\"container\">\n\t\t\t\t<div class=\"elementor-element elementor-element-e2d10c4 exad-sticky-section-no exad-glass-effect-no elementor-widget elementor-widget-heading\" data-id=\"e2d10c4\" data-element_type=\"widget\" data-e-type=\"widget\" data-widget_type=\"heading.default\">\n\t\t\t\t<div class=\"elementor-widget-container\">\n\t\t\t\t\t<h1 class=\"elementor-heading-title elementor-size-default\">\u041f\u043e\u0433\u0440\u0443\u0436\u0435\u043d\u0438\u0435 \u0432 \u044d\u0441\u0442\u043e\u043d\u0441\u043a\u0438\u0439 \u044f\u0437\u044b\u043a<\/h1>\t\t\t\t<\/div>\n\t\t\t\t<\/div>\n\t\t\t\t<\/div>\n\t\t\t\t\t<\/div>\n\t\t\t\t<\/div>\n\t\t<div class=\"elementor-element elementor-element-6ab6360 e-flex e-con-boxed e-con e-parent\" data-id=\"6ab6360\" data-element_type=\"container\" data-e-type=\"container\">\n\t\t\t\t\t<div class=\"e-con-inner\">\n\t\t<div class=\"elementor-element elementor-element-14db823 e-con-full e-flex e-con e-child\" data-id=\"14db823\" data-element_type=\"container\" data-e-type=\"container\">\n\t\t\t\t<div class=\"elementor-element elementor-element-a9a498a exad-sticky-section-no exad-glass-effect-no elementor-widget elementor-widget-image\" data-id=\"a9a498a\" data-element_type=\"widget\" data-e-type=\"widget\" data-widget_type=\"image.default\">\n\t\t\t\t<div class=\"elementor-widget-container\">\n\t\t\t\t\t\t\t\t\t\t\t\t\t\t\t<img fetchpriority=\"high\" decoding=\"async\" width=\"1024\" height=\"683\" src=\"https:\/\/halos.ee\/wp-content\/uploads\/2025\/03\/Keelekumblus-1-1024x683.png\" class=\"attachment-large size-large wp-image-10450\" alt=\"\" srcset=\"https:\/\/halos.ee\/wp-content\/uploads\/2025\/03\/Keelekumblus-1-1024x683.png 1024w, https:\/\/halos.ee\/wp-content\/uploads\/2025\/03\/Keelekumblus-1-300x200.png 300w, https:\/\/halos.ee\/wp-content\/uploads\/2025\/03\/Keelekumblus-1-768x512.png 768w, https:\/\/halos.ee\/wp-content\/uploads\/2025\/03\/Keelekumblus-1-18x12.png 18w, https:\/\/halos.ee\/wp-content\/uploads\/2025\/03\/Keelekumblus-1.png 1500w\" sizes=\"(max-width: 1024px) 100vw, 1024px\" \/>\t\t\t\t\t\t\t\t\t\t\t\t\t\t\t<\/div>\n\t\t\t\t<\/div>\n\t\t\t\t<\/div>\n\t\t<div class=\"elementor-element elementor-element-39710c8 e-con-full e-flex e-con e-child\" data-id=\"39710c8\" data-element_type=\"container\" data-e-type=\"container\">\n\t\t\t\t<div class=\"elementor-element elementor-element-4eb3e29 exad-sticky-section-no exad-glass-effect-no elementor-widget elementor-widget-text-editor\" data-id=\"4eb3e29\" data-element_type=\"widget\" data-e-type=\"widget\" data-widget_type=\"text-editor.default\">\n\t\t\t\t<div class=\"elementor-widget-container\">\n\t\t\t\t\t\t\t\t\t<p><span style=\"color: #055f6f;\"><strong>\u0412\u043e\u0437\u0440\u0430\u0441\u0442:<\/strong><\/span> 3-5 \u043b\u0435\u0442<br \/><span style=\"color: #055f6f;\"><strong>\u0412\u0440\u0435\u043c\u044f:<\/strong><\/span> T 18:15<br \/><span style=\"color: #055f6f;\"><strong>\u041f\u0440\u043e\u0434\u043e\u043b\u0436\u0438\u0442\u0435\u043b\u044c\u043d\u043e\u0441\u0442\u044c:<\/strong><\/span> 45 \u043c\u0438\u043d\u0443\u0442<br \/><span style=\"color: #055f6f;\"><strong>\u0420\u0430\u0437 \u0432 \u043d\u0435\u0434\u0435\u043b\u044e:<\/strong><\/span> 1 \u0440\u0430\u0437 \u0432 \u043d\u0435\u0434\u0435\u043b\u044e<br \/><span style=\"color: #055f6f;\"><strong>\u0418\u043d\u0441\u0442\u0440\u0443\u043a\u0442\u043e\u0440:<\/strong><\/span> Aleksandra Kuznetsova<\/p><p>\u0423\u0440\u043e\u043a \u043f\u0440\u043e\u0432\u043e\u0434\u0438\u0442\u0441\u044f \u043d\u0430 \u044d\u0441\u0442\u043e\u043d\u0441\u043a\u043e\u043c \u044f\u0437\u044b\u043a\u0435.<\/p>\t\t\t\t\t\t\t\t<\/div>\n\t\t\t\t<\/div>\n\t\t\t\t<div class=\"elementor-element elementor-element-e8ad4c4 exad-sticky-section-no exad-glass-effect-no elementor-widget elementor-widget-text-editor\" data-id=\"e8ad4c4\" data-element_type=\"widget\" data-e-type=\"widget\" data-widget_type=\"text-editor.default\">\n\t\t\t\t<div class=\"elementor-widget-container\">\n\t\t\t\t\t\t\t\t\t<p><strong><span style=\"color: #055f6f;\">\u0426\u0415\u041d\u0410:<\/span><br \/><\/strong>\u043f\u0440\u043e\u0431\u043d\u0430\u044f \u0446\u0435\u043d\u0430 = 5\u20ac<br \/>\u043c\u0435\u0441\u044f\u0447\u043d\u0430\u044f \u043f\u043b\u0430\u0442\u0430 = 48\u20ac<\/p>\t\t\t\t\t\t\t\t<\/div>\n\t\t\t\t<\/div>\n\t\t\t\t<div class=\"elementor-element elementor-element-d840bcf exad-sticky-section-no exad-glass-effect-no elementor-widget elementor-widget-exad-exclusive-button\" data-id=\"d840bcf\" data-element_type=\"widget\" data-e-type=\"widget\" data-widget_type=\"exad-exclusive-button.default\">\n\t\t\t\t<div class=\"elementor-widget-container\">\n\t\t\t\t\t\r\n\t\t<div class=\"exad-button-wrapper effect-3 exad-button-incon-before-text exad-button-fixed-height-\">\r\n\r\n\t\t\t\r\n\t\t\t<a href=\"https:\/\/halos.ee\/rus\/huviringi-registreerumine\/\" class=\"exad-button-action\">\r\n\t\t\t\t<span>\u0417\u0430\u0440\u0435\u0433\u0438\u0441\u0442\u0440\u0438\u0440\u043e\u0432\u0430\u0442\u044c\u0441\u044f<\/span>\t\t\t<\/a>\r\n\r\n\t\t\t\t\t<\/div>\r\n\t\t\t\t\t\t<\/div>\n\t\t\t\t<\/div>\n\t\t\t\t<\/div>\n\t\t\t\t\t<\/div>\n\t\t\t\t<\/div>\n\t\t<div class=\"elementor-element elementor-element-593a015 e-flex e-con-boxed e-con e-parent\" data-id=\"593a015\" data-element_type=\"container\" data-e-type=\"container\">\n\t\t\t\t\t<div class=\"e-con-inner\">\n\t\t<div class=\"elementor-element elementor-element-8f20101 e-con-full e-flex e-con e-child\" data-id=\"8f20101\" data-element_type=\"container\" data-e-type=\"container\" data-settings=\"{&quot;background_background&quot;:&quot;classic&quot;}\">\n\t\t\t\t<div class=\"elementor-element elementor-element-764d83c exad-sticky-section-no exad-glass-effect-no elementor-widget elementor-widget-heading\" data-id=\"764d83c\" data-element_type=\"widget\" data-e-type=\"widget\" data-widget_type=\"heading.default\">\n\t\t\t\t<div class=\"elementor-widget-container\">\n\t\t\t\t\t<h2 class=\"elementor-heading-title elementor-size-default\">\u041e\u043f\u0438\u0441\u0430\u043d\u0438\u0435 \u043a\u0440\u0443\u0433\u0430 \u0438\u043d\u0442\u0435\u0440\u0435\u0441\u043e\u0432<\/h2>\t\t\t\t<\/div>\n\t\t\t\t<\/div>\n\t\t\t\t<div class=\"elementor-element elementor-element-ccb46a9 exad-sticky-section-no exad-glass-effect-no elementor-widget elementor-widget-text-editor\" data-id=\"ccb46a9\" data-element_type=\"widget\" data-e-type=\"widget\" data-widget_type=\"text-editor.default\">\n\t\t\t\t<div class=\"elementor-widget-container\">\n\t\t\t\t\t\t\t\t\t<p>\u041f\u043e\u0441\u0440\u0435\u0434\u0441\u0442\u0432\u043e\u043c \u0438\u0433\u0440\u043e\u0432\u043e\u0433\u043e \u044f\u0437\u044b\u043a\u043e\u0432\u043e\u0433\u043e \u043f\u043e\u0433\u0440\u0443\u0436\u0435\u043d\u0438\u044f \u043c\u044b \u0445\u043e\u0442\u0438\u043c \u043f\u043e\u0434\u0434\u0435\u0440\u0436\u0430\u0442\u044c \u0434\u0435\u0442\u0435\u0439, \u043a\u043e\u0442\u043e\u0440\u044b\u0435 \u043d\u0430\u0447\u0438\u043d\u0430\u044e\u0442 (\u0438\u043b\u0438 \u043d\u0430\u0447\u0430\u043b\u0438, \u043d\u043e \u043d\u0435 \u0447\u0443\u0432\u0441\u0442\u0432\u0443\u044e\u0442 \u0441\u0435\u0431\u044f \u0443\u0432\u0435\u0440\u0435\u043d\u043d\u043e) \u043e\u0431\u0443\u0447\u0435\u043d\u0438\u0435 \u0432 \u0438\u043d\u043e\u0441\u0442\u0440\u0430\u043d\u043d\u043e\u043c \u0434\u0435\u0442\u0441\u043a\u043e\u043c \u0441\u0430\u0434\u0443 \u0438\u043b\u0438 \u0448\u043a\u043e\u043b\u0435. \u041d\u0430 \u0443\u0440\u043e\u043a\u0430\u0445 \u043c\u044b \u0442\u0430\u043d\u0446\u0443\u0435\u043c, \u0438\u0433\u0440\u0430\u0435\u043c \u0438 \u043f\u043e\u0435\u043c. \u0415\u0449\u0435 \u0434\u043b\u044f \u0442\u043e\u0433\u043e, \u0447\u0442\u043e\u0431\u044b \u0441\u0434\u0435\u043b\u0430\u0442\u044c \u0438\u0437\u0443\u0447\u0435\u043d\u0438\u0435 \u044f\u0437\u044b\u043a\u0430 \u043c\u0430\u043a\u0441\u0438\u043c\u0430\u043b\u044c\u043d\u043e \u0435\u0441\u0442\u0435\u0441\u0442\u0432\u0435\u043d\u043d\u044b\u043c \u0438 \u0443\u0434\u043e\u0431\u043d\u044b\u043c \u0434\u043b\u044f \u0434\u0435\u0442\u0435\u0439, \u0430 \u0442\u0430\u043a\u0436\u0435 \u0441\u043f\u043e\u0441\u043e\u0431\u0441\u0442\u0432\u043e\u0432\u0430\u0442\u044c \u0441\u043e\u0446\u0438\u0430\u043b\u0438\u0437\u0430\u0446\u0438\u0438 \u0438 \u043e\u0431\u0449\u0435\u043d\u0438\u044e. \u0423\u0440\u043e\u043a\u0438 \u043f\u0440\u043e\u0445\u043e\u0434\u044f\u0442 \u0432 \u043a\u043b\u0430\u0441\u0441\u0435, \u0442\u0430\u043d\u0446\u0435\u0432\u0430\u043b\u044c\u043d\u043e\u043c \u0437\u0430\u043b\u0435, \u0430 \u0438\u043d\u043e\u0433\u0434\u0430 \u0438 \u0432 \u0438\u0433\u0440\u043e\u0432\u043e\u0439 \u043a\u043e\u043c\u043d\u0430\u0442\u0435.<\/p><p>\u041f\u043e\u0434\u0445\u043e\u0434 \u0447\u0430\u0441\u0442\u0438\u0447\u043d\u043e\u0433\u043e \u044f\u0437\u044b\u043a\u043e\u0432\u043e\u0433\u043e \u043f\u043e\u0433\u0440\u0443\u0436\u0435\u043d\u0438\u044f \u0434\u0430\u0435\u0442 \u0434\u0435\u0442\u044f\u043c, \u0443 \u043a\u043e\u0442\u043e\u0440\u044b\u0445 \u0434\u0440\u0443\u0433\u043e\u0439 \u0440\u043e\u0434\u043d\u043e\u0439 \u044f\u0437\u044b\u043a, \u0432\u043e\u0437\u043c\u043e\u0436\u043d\u043e\u0441\u0442\u044c \u0438\u0437\u0443\u0447\u0430\u0442\u044c \u044d\u0441\u0442\u043e\u043d\u0441\u043a\u0438\u0439 \u044f\u0437\u044b\u043a \u043f\u043e\u0441\u0440\u0435\u0434\u0441\u0442\u0432\u043e\u043c \u0440\u0430\u0437\u043b\u0438\u0447\u043d\u044b\u0445 \u0438\u0433\u0440\u043e\u0432\u044b\u0445 \u0437\u0430\u043d\u044f\u0442\u0438\u0439. \u041c\u044b \u043f\u0440\u0438\u043d\u0438\u043c\u0430\u0435\u043c \u0432\u043e \u0432\u043d\u0438\u043c\u0430\u043d\u0438\u0435 \u0440\u0430\u0437\u043b\u0438\u0447\u043d\u044b\u0435 \u043a\u0443\u043b\u044c\u0442\u0443\u0440\u043d\u044b\u0435 \u043e\u0441\u043e\u0431\u0435\u043d\u043d\u043e\u0441\u0442\u0438 \u0443\u0447\u0430\u0449\u0438\u0445\u0441\u044f.<\/p><p>\u041c\u044b \u043f\u0440\u0435\u0434\u043b\u0430\u0433\u0430\u0435\u043c \u043e\u0434\u043d\u043e\u0441\u0442\u043e\u0440\u043e\u043d\u043d\u0435\u0435 \u044f\u0437\u044b\u043a\u043e\u0432\u043e\u0435 \u043f\u043e\u0433\u0440\u0443\u0436\u0435\u043d\u0438\u0435, \u0446\u0435\u043b\u0435\u0432\u044b\u043c \u044f\u0437\u044b\u043a\u043e\u043c \u044f\u0432\u043b\u044f\u0435\u0442\u0441\u044f \u044d\u0441\u0442\u043e\u043d\u0441\u043a\u0438\u0439.<\/p>\t\t\t\t\t\t\t\t<\/div>\n\t\t\t\t<\/div>\n\t\t\t\t<div class=\"elementor-element elementor-element-729e1af exad-sticky-section-no exad-glass-effect-no elementor-widget elementor-widget-exad-exclusive-button\" data-id=\"729e1af\" data-element_type=\"widget\" data-e-type=\"widget\" data-widget_type=\"exad-exclusive-button.default\">\n\t\t\t\t<div class=\"elementor-widget-container\">\n\t\t\t\t\t\r\n\t\t<div class=\"exad-button-wrapper effect-3 exad-button-incon-before-text exad-button-fixed-height-\">\r\n\r\n\t\t\t\r\n\t\t\t<a href=\"https:\/\/halos.ee\/rus\/huviringi-registreerumine\/\" class=\"exad-button-action\">\r\n\t\t\t\t<span>\u0417\u0430\u0440\u0435\u0433\u0438\u0441\u0442\u0440\u0438\u0440\u043e\u0432\u0430\u0442\u044c\u0441\u044f<\/span>\t\t\t<\/a>\r\n\r\n\t\t\t\t\t<\/div>\r\n\t\t\t\t\t\t<\/div>\n\t\t\t\t<\/div>\n\t\t\t\t<\/div>\n\t\t<div class=\"elementor-element elementor-element-9de8169 e-con-full e-flex e-con e-child\" data-id=\"9de8169\" data-element_type=\"container\" data-e-type=\"container\" data-settings=\"{&quot;background_background&quot;:&quot;classic&quot;}\">\n\t\t\t\t<div class=\"elementor-element elementor-element-23a6974 exad-sticky-section-no exad-glass-effect-no elementor-widget elementor-widget-heading\" data-id=\"23a6974\" data-element_type=\"widget\" data-e-type=\"widget\" data-widget_type=\"heading.default\">\n\t\t\t\t<div class=\"elementor-widget-container\">\n\t\t\t\t\t<h3 class=\"elementor-heading-title elementor-size-default\">\u041d\u0430\u0448\u0430 \u043c\u043e\u0434\u0435\u043b\u044c \u043f\u043e\u0433\u0440\u0443\u0436\u0435\u043d\u0438\u044f:<\/h3>\t\t\t\t<\/div>\n\t\t\t\t<\/div>\n\t\t\t\t<div class=\"elementor-element elementor-element-94aeeca elementor-icon-list--layout-traditional elementor-list-item-link-full_width exad-sticky-section-no exad-glass-effect-no elementor-widget elementor-widget-icon-list\" data-id=\"94aeeca\" data-element_type=\"widget\" data-e-type=\"widget\" data-widget_type=\"icon-list.default\">\n\t\t\t\t<div class=\"elementor-widget-container\">\n\t\t\t\t\t\t\t<ul class=\"elementor-icon-list-items\">\n\t\t\t\t\t\t\t<li class=\"elementor-icon-list-item\">\n\t\t\t\t\t\t\t\t\t\t\t<span class=\"elementor-icon-list-icon\">\n\t\t\t\t\t\t\t<i aria-hidden=\"true\" class=\"fas fa-chevron-right\"><\/i>\t\t\t\t\t\t<\/span>\n\t\t\t\t\t\t\t\t\t\t<span class=\"elementor-icon-list-text\">\u0427\u0430\u0441\u0442\u0438\u0447\u043d\u043e\u0435 \u044f\u0437\u044b\u043a\u043e\u0432\u043e\u0435 \u043f\u043e\u0433\u0440\u0443\u0436\u0435\u043d\u0438\u0435 \u2013 \u0433\u0440\u0443\u043f\u043f\u0443 \u0441\u043e\u0441\u0442\u0430\u0432\u043b\u044f\u044e\u0442 \u0434\u0435\u0442\u0438, \u0440\u043e\u0434\u043d\u043e\u0439 \u044f\u0437\u044b\u043a \u043a\u043e\u0442\u043e\u0440\u044b\u0445 \u2013 \u0440\u0443\u0441\u0441\u043a\u0438\u0439. \u0423\u0447\u0435\u0431\u043d\u0430\u044f \u0434\u0435\u044f\u0442\u0435\u043b\u044c\u043d\u043e\u0441\u0442\u044c \u043f\u0440\u043e\u0445\u043e\u0434\u0438\u0442 \u0432 \u0433\u0440\u0443\u043f\u043f\u0435 \u043d\u0430 \u044d\u0441\u0442\u043e\u043d\u0441\u043a\u043e\u043c \u044f\u0437\u044b\u043a\u0435; \u043f\u0440\u0435\u043f\u043e\u0434\u0430\u0432\u0430\u0442\u0435\u043b\u044c \u0432 \u0433\u0440\u0443\u043f\u043f\u0435 \u0434\u0432\u0443\u044f\u0437\u044b\u0447\u043d\u044b\u0439.<\/span>\n\t\t\t\t\t\t\t\t\t<\/li>\n\t\t\t\t\t\t\t\t<li class=\"elementor-icon-list-item\">\n\t\t\t\t\t\t\t\t\t\t\t<span class=\"elementor-icon-list-icon\">\n\t\t\t\t\t\t\t<i aria-hidden=\"true\" class=\"fas fa-chevron-right\"><\/i>\t\t\t\t\t\t<\/span>\n\t\t\t\t\t\t\t\t\t\t<span class=\"elementor-icon-list-text\">\u041a\u0443\u0440\u0441 \u043f\u0440\u0435\u0434\u043d\u0430\u0437\u043d\u0430\u0447\u0435\u043d \u0434\u043b\u044f \u0434\u0435\u0442\u0435\u0439, \u043a\u043e\u0442\u043e\u0440\u044b\u0435 \u0440\u0430\u043d\u044c\u0448\u0435 \u043d\u0435 \u0437\u043d\u0430\u043a\u043e\u043c\u0438\u043b\u0438\u0441\u044c \u0441 \u044d\u0441\u0442\u043e\u043d\u0441\u043a\u0438\u043c \u044f\u0437\u044b\u043a\u043e\u043c. \u041f\u043e \u043e\u043a\u043e\u043d\u0447\u0430\u043d\u0438\u0438 \u043a\u0443\u0440\u0441\u0430 \u0434\u0435\u0442\u0438 \u0447\u0443\u0432\u0441\u0442\u0432\u0443\u044e\u0442 \u0441\u0435\u0431\u044f \u0431\u0435\u0437\u043e\u043f\u0430\u0441\u043d\u0435\u0435 \u0432 \u044d\u0441\u0442\u043e\u043d\u043e\u044f\u0437\u044b\u0447\u043d\u043e\u0439 \u0441\u0440\u0435\u0434\u0435.<\/span>\n\t\t\t\t\t\t\t\t\t<\/li>\n\t\t\t\t\t\t\t\t<li class=\"elementor-icon-list-item\">\n\t\t\t\t\t\t\t\t\t\t\t<span class=\"elementor-icon-list-icon\">\n\t\t\t\t\t\t\t<i aria-hidden=\"true\" class=\"fas fa-chevron-right\"><\/i>\t\t\t\t\t\t<\/span>\n\t\t\t\t\t\t\t\t\t\t<span class=\"elementor-icon-list-text\">\u041e\u043d\u0438 \u043f\u043e\u043d\u0438\u043c\u0430\u044e\u0442 \u0438 \u043f\u043e\u043d\u044f\u0442\u043d\u0435\u0435 \u0440\u0435\u0430\u0433\u0438\u0440\u0443\u044e\u0442 \u043d\u0430 \u0431\u043e\u043b\u0435\u0435 \u043f\u0440\u043e\u0441\u0442\u044b\u0435 \u043e\u0431\u0440\u0430\u0449\u0435\u043d\u0438\u044f. \u041c\u043e\u0436\u0435\u0442 \u043b\u0443\u0447\u0448\u0435 \u0432\u044b\u0440\u0430\u0436\u0430\u0442\u044c \u0441\u0432\u043e\u0438 \u043c\u044b\u0441\u043b\u0438 \u0438 \u0438\u0433\u0440\u0430\u0442\u044c \u0441 \u0434\u0435\u0442\u044c\u043c\u0438, \u0433\u043e\u0432\u043e\u0440\u044f\u0449\u0438\u043c\u0438 \u043d\u0430 \u0438\u043d\u043e\u0441\u0442\u0440\u0430\u043d\u043d\u044b\u0445 \u044f\u0437\u044b\u043a\u0430\u0445.<\/span>\n\t\t\t\t\t\t\t\t\t<\/li>\n\t\t\t\t\t\t\t\t<li class=\"elementor-icon-list-item\">\n\t\t\t\t\t\t\t\t\t\t\t<span class=\"elementor-icon-list-icon\">\n\t\t\t\t\t\t\t<i aria-hidden=\"true\" class=\"fas fa-chevron-right\"><\/i>\t\t\t\t\t\t<\/span>\n\t\t\t\t\t\t\t\t\t\t<span class=\"elementor-icon-list-text\"> \u041e\u043d\u0438 \u0438\u0437\u0443\u0447\u0430\u044e\u0442 \u0446\u0432\u0435\u0442\u0430, \u0446\u0438\u0444\u0440\u044b, \u0431\u0443\u043a\u0432\u044b \u0438 \u043c\u043d\u043e\u0433\u043e\u0435 \u0434\u0440\u0443\u0433\u043e\u0435 \u043d\u0430 \u044d\u0441\u0442\u043e\u043d\u0441\u043a\u043e\u043c \u044f\u0437\u044b\u043a\u0435. \u041a\u0440\u043e\u043c\u0435 \u0442\u043e\u0433\u043e, \u043c\u044b \u043f\u043e\u0435\u043c, \u0442\u0430\u043d\u0446\u0443\u0435\u043c \u0438 \u0438\u0433\u0440\u0430\u0435\u043c \u043d\u0430 \u044d\u0441\u0442\u043e\u043d\u0441\u043a\u043e\u043c \u044f\u0437\u044b\u043a\u0435.<\/span>\n\t\t\t\t\t\t\t\t\t<\/li>\n\t\t\t\t\t\t<\/ul>\n\t\t\t\t\t\t<\/div>\n\t\t\t\t<\/div>\n\t\t\t\t<\/div>\n\t\t\t\t\t<\/div>\n\t\t\t\t<\/div>\n\t\t<div class=\"elementor-element elementor-element-e93e845 e-flex e-con-boxed e-con e-parent\" data-id=\"e93e845\" data-element_type=\"container\" data-e-type=\"container\" data-settings=\"{&quot;background_background&quot;:&quot;classic&quot;}\">\n\t\t\t\t\t<div class=\"e-con-inner\">\n\t\t<div class=\"elementor-element elementor-element-a278ca5 e-con-full e-flex e-con e-child\" data-id=\"a278ca5\" data-element_type=\"container\" data-e-type=\"container\" data-settings=\"{&quot;background_background&quot;:&quot;classic&quot;}\">\n\t\t\t\t<div class=\"elementor-element elementor-element-c27b7cb exad-sticky-section-no exad-glass-effect-no elementor-widget elementor-widget-heading\" data-id=\"c27b7cb\" data-element_type=\"widget\" data-e-type=\"widget\" data-widget_type=\"heading.default\">\n\t\t\t\t<div class=\"elementor-widget-container\">\n\t\t\t\t\t<h2 class=\"elementor-heading-title elementor-size-default\">\u0423 \u0432\u0430\u0441 \u0435\u0441\u0442\u044c \u0432\u043e\u043f\u0440\u043e\u0441\u044b?<\/h2>\t\t\t\t<\/div>\n\t\t\t\t<\/div>\n\t\t\t\t<div class=\"elementor-element elementor-element-3f772c4 exad-sticky-section-no exad-glass-effect-no elementor-widget elementor-widget-exad-exclusive-button\" data-id=\"3f772c4\" data-element_type=\"widget\" data-e-type=\"widget\" data-widget_type=\"exad-exclusive-button.default\">\n\t\t\t\t<div class=\"elementor-widget-container\">\n\t\t\t\t\t\r\n\t\t<div class=\"exad-button-wrapper effect-3 exad-button-incon-before-text exad-button-fixed-height-\">\r\n\r\n\t\t\t\r\n\t\t\t<a href=\"https:\/\/halos.ee\/rus\/kontakt\/\" class=\"exad-button-action\">\r\n\t\t\t\t<span>\u0421\u0432\u044f\u0436\u0438\u0442\u0435\u0441\u044c \u0441 \u043d\u0430\u043c\u0438<\/span>\t\t\t<\/a>\r\n\r\n\t\t\t\t\t<\/div>\r\n\t\t\t\t\t\t<\/div>\n\t\t\t\t<\/div>\n\t\t\t\t<\/div>\n\t\t\t\t\t<\/div>\n\t\t\t\t<\/div>\n\t\t\t\t<\/div>","protected":false},"excerpt":{"rendered":"<p>M\u00e4nguline keelek\u00fcmblus Vanusele: 3-5 aToimumisaeg: T 18:15Kestus: 45 minutitKordus: 1 kord n\u00e4dalasJuhendaja: Aleksandra Kuznetsova Tundi viiakse l\u00e4bi eesti keeles. HIND:proovitund [&hellip;]<\/p>\n","protected":false},"author":1,"featured_media":0,"parent":0,"menu_order":0,"comment_status":"closed","ping_status":"closed","template":"","meta":{"site-sidebar-layout":"no-sidebar","site-content-layout":"page-builder","ast-site-content-layout":"full-width-container","site-content-style":"unboxed","site-sidebar-style":"unboxed","ast-global-header-display":"","ast-banner-title-visibility":"","ast-main-header-display":"","ast-hfb-above-header-display":"","ast-hfb-below-header-display":"","ast-hfb-mobile-header-display":"","site-post-title":"disabled","ast-breadcrumbs-content":"disabled","ast-featured-img":"disabled","footer-sml-layout":"","theme-transparent-header-meta":"default","adv-header-id-meta":"","stick-header-meta":"","header-above-stick-meta":"","header-main-stick-meta":"","header-below-stick-meta":"","astra-migrate-meta-layouts":"set","ast-page-background-enabled":"default","ast-page-background-meta":{"desktop":{"background-color":"","background-image":"","background-repeat":"repeat","background-position":"center center","background-size":"auto","background-attachment":"scroll","background-type":"","background-media":"","overlay-type":"","overlay-color":"","overlay-opacity":"","overlay-gradient":""},"tablet":{"background-color":"","background-image":"","background-repeat":"repeat","background-position":"center center","background-size":"auto","background-attachment":"scroll","background-type":"","background-media":"","overlay-type":"","overlay-color":"","overlay-opacity":"","overlay-gradient":""},"mobile":{"background-color":"","background-image":"","background-repeat":"repeat","background-position":"center center","background-size":"auto","background-attachment":"scroll","background-type":"","background-media":"","overlay-type":"","overlay-color":"","overlay-opacity":"","overlay-gradient":""}},"ast-content-background-meta":{"desktop":{"background-color":"var(--ast-global-color-5)","background-image":"","background-repeat":"repeat","background-position":"center center","background-size":"auto","background-attachment":"scroll","background-type":"","background-media":"","overlay-type":"","overlay-color":"","overlay-opacity":"","overlay-gradient":""},"tablet":{"background-color":"var(--ast-global-color-5)","background-image":"","background-repeat":"repeat","background-position":"center center","background-size":"auto","background-attachment":"scroll","background-type":"","background-media":"","overlay-type":"","overlay-color":"","overlay-opacity":"","overlay-gradient":""},"mobile":{"background-color":"var(--ast-global-color-5)","background-image":"","background-repeat":"repeat","background-position":"center center","background-size":"auto","background-attachment":"scroll","background-type":"","background-media":"","overlay-type":"","overlay-color":"","overlay-opacity":"","overlay-gradient":""}},"footnotes":""},"class_list":["post-9151","page","type-page","status-publish","hentry"],"_links":{"self":[{"href":"https:\/\/halos.ee\/rus\/wp-json\/wp\/v2\/pages\/9151","targetHints":{"allow":["GET"]}}],"collection":[{"href":"https:\/\/halos.ee\/rus\/wp-json\/wp\/v2\/pages"}],"about":[{"href":"https:\/\/halos.ee\/rus\/wp-json\/wp\/v2\/types\/page"}],"author":[{"embeddable":true,"href":"https:\/\/halos.ee\/rus\/wp-json\/wp\/v2\/users\/1"}],"replies":[{"embeddable":true,"href":"https:\/\/halos.ee\/rus\/wp-json\/wp\/v2\/comments?post=9151"}],"version-history":[{"count":81,"href":"https:\/\/halos.ee\/rus\/wp-json\/wp\/v2\/pages\/9151\/revisions"}],"predecessor-version":[{"id":20421,"href":"https:\/\/halos.ee\/rus\/wp-json\/wp\/v2\/pages\/9151\/revisions\/20421"}],"wp:attachment":[{"href":"https:\/\/halos.ee\/rus\/wp-json\/wp\/v2\/media?parent=9151"}],"curies":[{"name":"wp","href":"https:\/\/api.w.org\/{rel}","templated":true}]}}